late the remainder when c is divided by 13.
12
Let n(q) = 55*q + 1. Calculate the remainder when n(1) is divided by 15.
11
Let y(h) = 5*h - 4 - 3*h + h. Calculate the remainder when y(6) is divided by 8.
6
Let m(k) = k**3 - k - 3. Let g be m(0). Let q be 64/10 + (-6)/15. What is the remainder when 3 is divided by (-3)/(g*3)*q?
1
Let v(u) = 2*u**2 + 50. What is the remainder when v(0) is divided by 13?
11
Let a(w) = 5*w - 3. Suppose 16 = 3*d - 4*y, -2*d + y + 12 = 3. Suppose 2*b = d*b - 70. Calculate the remainder when b is divided by a(3).
11
What is the remainder when 32 is divided by -1 - ((-3)/(-4))/((-11)/264)?
15
What is the remainder when 19 is divided by 1/((-1)/(-2)) - -5?
5
Let x(q) = q**2 + 2*q - 7. Let c be ((-199)/3)/((-1)/(-9)). Calculate the remainder when c/(-12) + 1/4 is divided by x(-6).
16
Suppose 0*a = -8*a + 408. Calculate the remainder when a is divided by 27.
24
Let s = -9 + 7. What is the remainder when 17 is divided by 4 + (3 - (-1 - s))?
5
Suppose 0 = -3*y - 5*v - 9, -3*y + v = 10 + 17. Let l = 31 - 18. What is the remainder when ((-4)/y)/(1/76) is divided by l?
12
Let a(b) = -b**2 + 16*b + 10. Calculate the remainder when a(15) is divided by 9.
7
Suppose -5*u + 3*l = -113, -u + 6*l = 2*l - 9. Suppose 3*w + g - 20 = 2*g, 0 = 5*g + u. Calculate the remainder when w is divided by 3.
2
Let u(n) = n**3 - 6*n**2 - 7*n + 7. Let q be u(7). Suppose -3*x + q*x = -h + 6, 5*x = -3*h + 11. Calculate the remainder when (x/2)/(2/36) is divided by 5.
4
Let d = -27 - -45. What is the remainder when d is divided by 12?
6
Let s(q) = q**3 + 5*q**2 - 4*q - 9. What is the remainder when 19 is divided by s(-5)?
8
Let h(s) = s**2 + 3. Let n(b) = -b**2 - 8*b - 7. Let q be n(-7). Calculate the remainder when (1/(-2))/((-5)/50) is divided by h(q).
2
Suppose 0*m - 5*m = -3*f + 28, 3*f + 3*m = 36. Suppose b + 20 = -4*b, f = 5*t + b. What is the remainder when t is divided by 2?
1
Suppose 0 = 5*u - 1 - 9. Suppose -l - 9 = -u*l. Let n = 28 - 12. Calculate the remainder when n is divided by l.
7
Let p be 0/7 + (13 - 0). Let t = -9 + p. Let c = -3 + 8. What is the remainder when c is divided by t?
1
Suppose 7*m - 5 = 6*m. What is the remainder when 8 is divided by m?
3
Suppose h - 412 = -2*h + 2*l, 2*l = -5*h + 660. Let u = h + -76. Calculate the remainder when u is divided by 20.
18
Let f = -47 - -79. What is the remainder when f is divided by 7?
4
Suppose -4*o = t - 19, -2*t + 11 = -2*o + o. Let a = -6 + 6. Suppose -3*v + 9 + 27 = a. Calculate the remainder when v is divided by t.
5
What is the remainder when 31 is divided by 17 - (3 + -1 - 3)?
13
Suppose -77 = -15*i + 4*i. Let c(n) = -n**3 + 6*n**2 - 5*n - 4. Let p be c(5). Calculate the remainder when -2 - p - (1 - i) is divided by 3.
2
Suppose 22 = 2*g - 4*u - 34, -4*g + 4*u = -120. Let v = 8 + 9. Calculate the remainder when g is divided by v.
15
Suppose -9 = 2*m - 5*m. Let g = m - -25. Calculate the remainder when g is divided by (11/(11/10))/1.
8
Let m = 5 - -11. Suppose 4*d + m = -8. Let z = 13 + d. What is the remainder when 12 is divided by z?
5
Let i = -3 - -3. Suppose 18 = b - 2*h, i = -b - b - 2*h + 36. What is the remainder when 71 is divided by b?
17
Let w(o) = -o**2 + 9*o + 1. Let m be w(5). Let y = 38 - m. Calculate the remainder when (-196)/(-6) - (-1)/3 is divided by y.
16
What is the remainder when (16/6)/8*90 is divided by 8?
6
Let k(i) = i + 8. Calculate the remainder when k(16) is divided by 2.
0
Let k = -16 - -26. Suppose 5*r = k + 30. What is the remainder when 30 is divided by r?
6
What is the remainder when 27 is divided by ((-36)/9)/((-2)/8*1)?
11
Suppose -2*a + 223 = a - 5*z, 2*z + 208 = 3*a. What is the remainder when a is divided by 14?
10
Let f = -4 - -11. Suppose 0 = 38*k - 37*k - 18. Calculate the remainder when k is divided by f.
4
Suppose 0 = -0*d - 5*d + 10. Let q be (5 - (d + -1)) + -1. Suppose -t - q*t + 16 = 0. What is the remainder when 7 is divided by t?
3
Let o(p) = -2*p - 2. Let l = -14 + 8. Calculate the remainder when 28 is divided by o(l).
8
Suppose 0 = 18*b - 28*b + 140. Let u = -26 + 51. What is the remainder when u is divided by b?
11
Suppose 49 = 7*g - 0*g. What is the remainder when g is divided by 5?
2
Let q(k) = k**3 + 7*k**2 + 7*k - 3. Let t be q(-6). Let a(h) = -7*h - 1. Calculate the remainder when a(t) is divided by 16.
14
Let t be 12/30 + (-23)/(-5). Let h = t - -2. Calculate the remainder when h is divided by 4.
3
Let u(b) = b**2. Let g be u(-2). Suppose -329 = -5*d - 3*p, g*d = 4*p - 9*p + 271. What is the remainder when d is divided by 22?
20
Let g be (3 - 6)*(-4)/(-3). Let v = g - -11. Suppose 2*o - v*o = -20, -3*o - 4 = -4*r. What is the remainder when 7 is divided by r?
3
Let m(c) = 2*c - 2. Let u be m(4). Let k be 1 + (23 - 0) - -1. Suppose t - u*t = -k. Calculate the remainder when 9 is divided by t.
4
Let t = 107 + -20. Suppose 2*d - 5*d = -t. Calculate the remainder when 115 is divided by d.
28
Let t = -64 + 107. Let i = t + -20. Let v = -223 - -229. Calculate the remainder when i is divided by v.
5
Suppose -2*c + 5*d = 10, 0 = d - 4 + 2. Suppose c = -4*w + 28 + 84. What is the remainder when 54 is divided by w?
26
Let n(j) = j**3 - 7*j**2 - 26*j + 14. Calculate the remainder when n(10) is divided by 20.
14
Let m be 3 - 1 - (95 + 1). Let p = 351 - 343. What is the remainder when 1/(m/(-46) + -2) is divided by p?
7
Suppose -3*w + 0*w = -12. Suppose 9*q - 3*o = 4*q + 40, 5*q - 5 = -w*o. What is the remainder when 8 is divided by q?
3
Suppose 0 = 2*b - 2*w, -1 = -2*b + 3*w - 0. Let z = b + 1. Suppose 2*q - 6 + 4 = z. What is the remainder when 2 is divided by q?
0
Suppose -5*m + 45 = 4*s - 0*m, 5*m - 35 = -3*s. Calculate the remainder when 19 is divided by s.
9
Let j(p) = 7*p**2 - p - 1. Suppose -5*u + 10 = -5. Suppose -u*x + 43 = -32. Calculate the remainder when x is divided by j(-1).
4
Let x be (-2)/(-3) - 8/12. Suppose 0 = -5*r + 4*i - 6, x*r = 3*r + 3*i - 18. Suppose 3*n = r*n + 9. Calculate the remainder when n is divided by 5.
4
Suppose -s = -4*s - 15. Let p = s - -8. Calculate the remainder when p is divided by 3.
0
Let o(c) = -c**3 + 5*c**2 + 3. What is the remainder when o(5) is divided by 2?
1
Suppose -633 = -3*i - 252. Calculate the remainder when i is divided by 22.
17
Let f be (-6)/(-9)*18/3. Suppose f = 3*a + 10. Let l = 11 + a. What is the remainder when l is divided by 4?
1
Let n(b) = 6*b + 1. Let s(w) = -w. Let u be (-8)/(-4) + 3/1. Let g(a) = u*s(a) + n(a). What is the remainder when 7 is divided by g(3)?
3
Suppose -2*u - 2*u - 32 = 0. Let o = u + 16. Let f = -5 + o. Calculate the remainder when 7 is divided by f.
1
Suppose 3*p + 2 = -22. Let q be (0 - 2) + 1 - p. Suppose -26 + q = -t. Calculate the remainder when t is divided by 7.
5
Suppose 2*d = m + 15, 3*m = 2*m + 1. Let y(t) = t**3 - 9*t**2 + 9*t - 8. Let a be y(d). Let u = 10 + a. Calculate the remainder when 19 is divided by u.
9
Suppose 37 = w + 2*x + 1, 2*w = -2*x + 64. What is the remainder when 78 is divided by w?
22
What is the remainder when 9*(-2)/(-4)*4 is divided by 9 + 7/(21/(-6))?
4
Let n = -3 + 11. Let x = 11 + n. Suppose -j + 5 + 2 = 0. Calculate the remainder when x is divided by j.
5
Let h(k) be the third derivative of k**5/30 - 7*k**4/24 - k**3/3 + k**2. Let c(w) = -3*w - 18. Let p be c(-8). What is the remainder when h(p) is divided by 15?
13
What is the remainder when (3/(-4))/(5/(-200)) is divided by 17?
13
Suppose -6*w + 3*w = -60. Suppose 0 = 8*j - 10*j + 152. Calculate the remainder when j is divided by w.
16
Let o be -3 + 0 - (-21 - 2). Suppose -w = -3*c + 2*w + 15, -5*w = 4*c - o. Calculate the remainder when c is divided by 4.
1
Let g(t) = -4*t**3 - t**2 - 3*t - 2. Let k be g(-1). Let i(f) = -f + 1. Let l be i(0). Let m = k + l. What is the remainder when 8 is divided by m?
3
Let b = -9 - -13. Let q = 11 + b. Calculate the remainder when q is divided by 9.
6
Let x = -15 + 28. Suppose x*z - 17 = 12*z. What is the remainder when 50 is divided by z?
16
Let o(a) = a**3 + 7*a**2 + 3*a + 8. Suppose -66 = -4*j - 7*p + 2*p, 4*p = -j + 22. Calculate the remainder when o(-6) is divided by j.
12
Let i(w) = 3*w**2 + 5. Calculate the remainder when i(5) is divided by 21.
17
Let b = 141 + -116. What is the remainder when 121 is divided by b?
2